undreds digit of y?
1
Let v(w) = -2*w + 2. Let t be v(-1). Let a = -299 - -434. Suppose 0 = t*i + i - a. What is the units digit of i?
7
Let l(v) = 3*v**2 - 2*v + 2. Suppose -4*r = p - 61, r + 4*p = 3*r - 8. Suppose -r = 5*f + 6. What is the tens digit of l(f)?
5
Let i(p) = 5*p**3 - 10*p**2 - 5*p + 11. Let x(n) = 6*n**3 - 10*n**2 - 6*n + 11. Let l(g) = 5*i(g) - 4*x(g). What is the units digit of l(10)?
1
Let l be 3 + 1/(0 + (-1)/(-39)). Suppose 43 = 5*m - l. What is the tens digit of m?
1
Suppose -5*m + 4*l = -2*m - 12349, 3*m - 12374 = -l. What is the units digit of m?
3
Let d(k) = -k**3 + 4*k**2 + k - 4. Let c be d(4). Suppose c = -4*i - 4 + 128. Suppose -4*b + i = -21. What is the tens digit of b?
1
Suppose -1335 = -5*v + 2*v + h, 0 = -2*v - 3*h + 890. What is the hundreds digit of v?
4
Suppose -70 = -o - 5*f, -50 = -o - 2*f + 7*f. Suppose 6*x - 462 + o = 0. What is the tens digit of x?
6
Let f = 549 - -291. What is the units digit of f?
0
Suppose -1461 = -10*p - 561. Suppose -7*z - p = -9*z. What is the units digit of z?
5
Let d(c) = -2*c**2 - 4*c**3 - 3*c**2 + 1 + 2*c**3 + 2*c**2. Let a be d(-2). Suppose x = -2*b + 9, -a*b - 2*x = -25 + 5. What is the units digit of b?
2
Let u = 53 - 130. Let y be (-6223)/u + (-6)/(-33). Let k = y + -45. What is the tens digit of k?
3
Suppose 12*k = 4000 + 416. What is the tens digit of k?
6
Let y be (2/5)/(5/25). Suppose -6*b = 2*k - 5*b - 289, -k = y*b - 146. Suppose v = 5*v - k. What is the units digit of v?
6
Suppose -3*n = 0, k + 10 = 3*k + 3*n. Suppose 2*r = k*b + 15, -2*r + 3*r - 1 = -4*b. What is the units digit of r?
5
Suppose -16 = -2*n - 0*n. Suppose 5*j = -2*x + 28, -j - 3*j = -n. What is the units digit of x?
9
What is the hundreds digit of 518 + (-6)/9*21/(-14)?
5
Suppose 73*x = 58*x + 6255. What is the tens digit of x?
1
Let n be (-2)/4 - 35/(-10). Suppose n*c + 6 = x, -2*x - c + 39 = 2*c. What is the tens digit of x?
1
Let r(d) = 16*d**2 - 2*d + 2. Suppose -8 + 20 = -4*s. Let q be 3/(s/2)*-1. What is the units digit of r(q)?
2
Let r(v) = 3*v - 13. Let g(q) = q**3 - 3*q**2 + 4*q + 5. Let y(s) = s**2 + s + 1. Let t(l) = -g(l) + 2*y(l). Let n be t(3). What is the units digit of r(n)?
4
Suppose -5*n - 2*c = 31, 5*n - 3*n + 20 = 3*c. Let p(l) = l**2 + 2*l + 14. What is the units digit of p(n)?
9
Suppose -5*p - 10 = -90. Let m = 23 - p. Suppose 4*n + 68 = 2*k, -k - 2*n + 11 = -m. What is the units digit of k?
6
Let v(g) = -g**3 - 5*g**2 + 9*g + 14. Let u be v(-6). Let a = u + 49. What is the tens digit of a?
4
Suppose -3*n = 2*s - 2360, 0 = 5*n - 0*n + 2*s - 3932. What is the tens digit of n?
8
Suppose 4*u - 5*r + 2*r = 1412, 5*u - 2*r - 1758 = 0. What is the units digit of u?
0
Let t = 4 + -9. Let m = 2 + t. What is the units digit of (-1)/m*(-3 - -12)?
3
Let x(f) = 6*f - 4*f**2 - 36 + 9*f**2 + 23. What is the units digit of x(5)?
2
Suppose -26 - 4 = 5*v. Let g be v*(14/3 + 4). What is the tens digit of (-6)/2 - 1 - g?
4
Suppose -5 - 3 = -4*w. Suppose w*v = 12 - 8. What is the units digit of (v - 1)/(1/23)?
3
Suppose 5*t + 63 - 188 = -5*i, 2*i - 3*t - 60 = 0. Suppose 2*a - i - 43 = 0. What is the units digit of a?
5
Let k(n) = -n**3 - n**2 + 10. Let t be k(0). Let x = t - 7. Suppose -126 = d - x*d - 2*f, -2*d + 146 = -2*f. What is the units digit of d?
8
Suppose 3*a - 53*w + 57*w = 14743, 0 = -5*a - 4*w + 24577. What is the hundreds digit of a?
9
Let b(o) = -111*o - 45. What is the hundreds digit of b(-3)?
2
Suppose 999*o - 995*o - 216 = 0. What is the units digit of o?
4
Let b(r) = -r**3 - 9*r**2 - 4*r + 6. Let i be b(-11). Suppose 4*f - i = -3*k, 0 = f - 4*k - 21 - 52. What is the units digit of f?
3
Suppose 6*o - 6 = 24. Let h(x) = x**2 + 5*x - 8. What is the tens digit of h(o)?
4
Let r = -107 - -95. What is the hundreds digit of 2/r - 6558/(-36)?
1
Let w = -9 - -13. What is the units digit of 69/(w/8 + 1)?
6
Let l = 44 - -961. What is the hundreds digit of l?
0
Suppose -n - 3*r = -9 + 1, 4*n + 3*r = 23. Suppose 0 = 2*c - 0*c - 4*s + 8, n*s - 15 = 0. Suppose c*y + 11 - 55 = 0. What is the units digit of y?
2
What is the units digit of 544*((-49)/14 + 4)?
2
Let f(u) = -u**3 - 9*u**2 - 6*u + 13. Let k be f(-8). Let v(s) be the first derivative of -s**4/2 - s**3/3 - 3*s**2 - 7*s + 2. What is the tens digit of v(k)?
5
Suppose 0 = -2*x + 2*f + 342, -5*f + f + 166 = x. Suppose -3*r + 13 = -n, r + 2*n - 4 = -2. Suppose r*j = -j + x. What is the tens digit of j?
3
Let b(j) = j**3 + 5*j**2 + 12*j - 14. What is the tens digit of b(7)?
5
Suppose 5*s - 10*s - b = 0, -2*s - 5*b = 23. What is the units digit of (-12)/16 + s - (-38)/8?
5
Suppose -b = -0*b - 132. What is the units digit of b?
2
Suppose 260 = 5*d - 5*l, -d + 5*l + 63 + 5 = 0. Suppose 0 = -2*j - 4*k + d, 54 = 2*j - 0*j - 2*k. What is the tens digit of j?
2
Suppose 5*r = -w + 95, 0*r - 4*r + w + 67 = 0. Let v = r - 18. Suppose y - 3*c = 4*y - 87, v = 3*c - 15. What is the tens digit of y?
2
Suppose 0*x + d = 2*x + 19, -3*x = 4*d + 34. Let a(n) be the first derivative of -n**3/3 - 6*n**2 + 6*n - 1. What is the tens digit of a(x)?
2
Let p = -28 + 73. Suppose -3*f + f + 36 = 0. Suppose f = 7*g - p. What is the units digit of g?
9
Let w be (-200)/(-28)*(1 + 6). Let o = 14 + w. What is the units digit of o?
4
Let s(p) = -2*p + 1. Let g be s(-8). Let v = g - -26. What is the units digit of v?
3
Suppose 24 = -2*v - 4*w + 6, 0 = -3*v + 2*w + 13. What is the tens digit of v*(-7)/((-14)/52)?
2
Let v be (-7 + 9 + 0 + -41)*-3. Suppose 5*n - 149 = -k, 0 = 3*n + n + 3*k - v. What is the tens digit of n?
3
Let b = 132 + -72. Suppose b = -0*j - 5*j. What is the units digit of 1 + j/(-3)*8?
3
Let h = 1011 - -323. What is the hundreds digit of h?
3
Suppose -2*l = -m - 1379, -5*m = 2*l - 1301 - 48. What is the tens digit of l?
8
Let v be (-5 - -2)/((-8)/(-272)). Let p be (2/(-6))/(17/v). Suppose p*i - i - 70 = 0. What is the tens digit of i?
7
Suppose -4*b - 2 = 2. Let v = 29 - b. What is the tens digit of v?
3
Let v = 303 - 56. Suppose 6*l - v = 593. What is the units digit of l?
0
Let f = -44 + 23. Let r be (6/(-3) - f) + 3. Suppose 4*v - r = 54. What is the tens digit of v?
1
What is the units digit of (4 + -10)/(3/(-1316))?
2
Let u(v) = 3*v**2 - v. Suppose s + 1 = -4. What is the tens digit of u(s)?
8
Let q = 46 + -8. Suppose 2*x - q - 91 = -n, -4*x + 2*n + 246 = 0. What is the tens digit of x?
6
Let k(r) = -8*r + 16. What is the tens digit of k(-7)?
7
Let g = -6 - -10. Suppose 2*w + 11 = 5*t, -g*t + w + 3 = -7. Suppose -10 = t*m - 130. What is the units digit of m?
0
Let f(t) = 2*t + 59. Let i be f(-28). Let u be 17*1/(-2)*-2. Suppose h + 0*h - 20 = i*a, -4*a - u = -h. What is the tens digit of h?
2
Let u = -599 + 918. Let s = u - 173. What is the units digit of s?
6
Let v(i) = -2*i**3 - 3*i**2 + 2*i - 2. Let q(d) = -d**3 + 6*d**2 - 7*d + 7. Let m be q(5). Let b be v(m). What is the units digit of b/3 - (-7)/(-21)?
6
Let o(c) = -c**3 - c**3 - c - 12*c**2 + 4*c**2 - c**3. Let i(w) = w**3 + w**2 + w + 1. Let r(b) = 4*i(b) + o(b). What is the units digit of r(3)?
4
Let c = -5559 - -9761. What is the units digit of c?
2
Let z be 2 + 59 - 1/2*0. Suppose z*s = 58*s + 393. What is the units digit of s?
1
Suppose -r = -2*l, l - 3*l - 8 = r. Let b be (987/(-21))/(2/r). Suppose -3*m + 5*z + b = -0*z, 2*z + 31 = m. What is the tens digit of m?
3
What is the tens digit of ((-19834)/47)/((-4)/6)?
3
Let o be 42/15 + 2/10. Suppose w = 65 + o. Let d = w + -23. What is the tens digit of d?
4
Let u(a) = 3*a + 0*a - 16 - a - 4*a. Let k be u(-13). What is the tens digit of ((-52)/k)/(4/(-20))?
2
Suppose -2*u - 2980 = -4*y - 8428, -5*y = 2*u - 5448. What is the thousands digit of u?
2
Let l be 4/(-3)*105/(-28). Suppose 0 = -5*m - 4*s + 29, l*s = -12 - 8. What is the units digit of m?
9
Let c(w) = -6*w**3 - 6*w**2 + 7*w + 71. What is the units digit of c(-6)?
9
Let y(l) = 854*l**2 + 8*l + 8. What is the units digit of y(-1)?
4
Let c be 3 + 3/(-3) + 3. Suppose n = 4*a + 4*n - 29, 40 = 5*a + c*n. Suppose -a*h = 21 - 81. What is the tens digit of h?
1
Let a(p) = 7*p**2 + 16*p + 67. What is the hundreds digit of a(-8)?
3
Let g be 5/(10/18) + -3. Let s = g - 21. Let b = -9 - s. What is the units digit of b?
6
Suppose -f = -3*q - 781, -5*f + q + 3214 + 733 = 0. What is the tens d